. Determine t(-6).
-1
Suppose f = -3*d + 1, -4*d - 44 = -4*f + 40. Let b(s) = s**3 - 15*s**2 - 14*s - 29. What is b(f)?
3
Let m(c) = c**3 + 6*c**2 - c - 4. Suppose 0 = 14*p - 10*p - 84. Let x be (4 + (-170)/35)*-35. Suppose p*q - 16*q = -x. Determine m(q).
2
Suppose -2*l - 217 = 5*g, 5*g + l - 41 = -257. Let t = g + 44. Let n(y) = -2*y**3 + 14*y**2 + 5*y + t + 3*y**3 - 6 - 7*y**2. Calculate n(-6).
1
Let t(i) be the third derivative of -i**7/1260 + 7*i**6/720 + i**5/12 - 11*i**4/12 - i**3/2 + 31*i**2. Let d(y) be the second derivative of t(y). Give d(7).
-39
Let k(h) = 5*h - 15. Suppose 0 = 7*m + 5 + 51. Let d be 9 + (12/m)/((-2)/(-8)). Determine k(d).
0
Let u(s) = -3*s - 1. Let n(d) = d**2 - 14*d. Suppose q + 5*q = 96. Let w be n(q). Let j be (3/4)/(4/w). Determine u(j).
-19
Let h(m) be the third derivative of m**3/6 + m**2. Let f(u) be the second derivative of u**3/3 - 15*u**2/2 - u - 443. Let j(c) = -f(c) - 5*h(c). Give j(8).
-6
Suppose -490 - 9 = -5*x - d, -4*d - 4 = 0. Let m = x - 202. Let k = -109 - m. Let s(i) = i**2 + 7*i - 7. Calculate s(k).
-7
Let p(k) = -9*k - 2. Let r = 140 + -138. Suppose -16 = 9*q + r. Calculate p(q).
16
Let a(p) be the second derivative of 2*p**3/3 - 11*p**2 + 794*p + 2. Give a(7).
6
Suppose 19*r - 67*r - 672 = 0. Let g(n) = n**2 + 12*n + 15. Determine g(r).
43
Suppose -z + 1 = -3*g + 13, 4*z = -g - 9. Suppose -3*m - 3*p + 151 = m, 3*m = -3*p + 114. Let w(d) = -3 - m*d + 4 + 42*d + 0. What is w(g)?
16
Let f(w) = -w**2 + 6*w + 19. Let j be (13/((-390)/(-168)))/(77/110). What is f(j)?
3
Let n = -350 + 349. Let l(q) = 4*q + 5. Let t(f) = f + 1. Let h(x) = n*l(x) + 3*t(x). What is h(8)?
-10
Let d(r) = -r**3 - 14*r**2 + 17*r. Let u be 130/2 - (-272)/(-34). Suppose 4*w + 4*q + u + 11 = 0, 0 = 4*w - 3*q + 54. Give d(w).
-30
Let v be ((-4)/10)/((-2)/20). Let j(w) = -12 - 3*w + 0*w + v*w. Suppose 2*k - 12308*a = -12306*a + 14, 0 = 5*k - 3*a - 33. Determine j(k).
-6
Let q be (-8)/12 - 29/(-3). Let u(d) be the third derivative of d**6/120 - 3*d**5/20 - d**4/12 + 7*d**3/6 - 1304*d**2 - 2. Determine u(q).
-11
Let t = -345822 + 345810. Let z(c) be the first derivative of c**4/4 + 11*c**3/3 - 13*c**2/2 - 5*c + 1. Give z(t).
7
Suppose 17 = -3*n + 37 + 34. Suppose -t - 2 = -s - 4, -2*t + 4 = -4*s. Let u(o) = s*o + n*o + 2*o - 9*o. Determine u(-2).
-22
Let b(w) = 2*w**2 - 25*w + 16. Let q = -4019 - -4031. Give b(q).
4
Let q(o) = -o**2 - 9*o - 10. Let t(m) = -m**2 + 3*m + 10. Let g = 31 + -29. Suppose 0*f + f = g, 0 = -2*a - 5*f + 22. Let p be t(a). Give q(p).
-2
Suppose 3*d - 7 + 7 = 0. Suppose 72*w - 25*w - 329 = d. Let a(r) = r - 15. Give a(w).
-8
Let i(f) = -6*f**2 - 2*f. Let a(x) = -32*x**2 - 114*x + 8. Let g(s) = a(s) - 8*i(s). Calculate g(6).
-4
Let g(l) be the first derivative of l**2/2 - 3*l + 2. Let j(w) = -2*w - 50. Let u be j(-26). Let t be -7 - (-12 - 7) - u*2. Give g(t).
5
Let s(b) = 8*b**2 + 1. Suppose -3*g = 15 + 30. Suppose -3*r + 3*h + 34 - 4 = 0, 2*r - 20 = -2*h. Let z be -2*(-2)/r + g/(-25). Give s(z).
9
Let w(g) = 10*g**2 - 5*g + 12. Let t(a) = a**3 - 28*a**2 + 13*a - 32. Let k(z) = 3*t(z) + 8*w(z). Give k(3).
42
Let s(b) be the third derivative of -6 - 1/12*b**4 + 0*b**3 - 3*b**2 + 0*b. Suppose -3 = 3*g - 9. Calculate s(g).
-4
Let s(h) be the second derivative of -h**4/12 + h**3/2 - 41*h**2/2 - 4*h - 589. Give s(0).
-41
Let v(t) = -35*t**2 - 2*t. Let q be 2/(-7) - (0 - 0 - (-1530)/2142). Give v(q).
-33
Let s(y) = -3*y**2 - 2. Let d be (12/10)/(108/(-9000)). Let z be 3 + 40/d + 3/(-5). What is s(z)?
-14
Let t(s) = -3*s + 2. Let p be t(0). Suppose p = -3*b - 5*n - 5, -5*n - 12 = -2*b. Let z(v) = -26*v + 1. Determine z(b).
-25
Let d(a) = 925*a + 3700. Let n be d(-4). Let r(c) be the second derivative of -1/12*c**4 + 2/3*c**3 - 3/2*c**2 + n + 8*c. Give r(5).
-8
Let z(i) = 5*i**3 + 3*i**2 + 3*i - 23. Let q(g) = 2*g**3 + g**2 + g - 10. Let w(a) = 7*q(a) - 3*z(a). Let o(p) = p**2 - 5*p + 2. Let l be o(4). Determine w(l).
3
Suppose -5*v + 4*r + 50 = 0, 5*v + r = 4*v + 1. Let b(k) be the third derivative of -k**6/120 + k**5/12 + k**4/4 + 5*k**3/6 + 247*k**2. Give b(v).
5
Let j(f) be the second derivative of f**5/20 + 5*f**4/12 - 7*f**3/6 + 2*f**2 + 3027*f. What is j(-6)?
10
Let m(l) be the third derivative of -l**4/24 + 816*l**2. Let d be ((-4)/6)/(6/63). Give m(d).
7
Let h(s) be the second derivative of -s**4/12 - 8*s**3/3 - 15*s**2/2 - 2*s - 1697. What is h(-14)?
13
Suppose 3*x + 24 = o, -4*o = 5*x - 8*o + 54. Let q(m) be the third derivative of -1/2*m**3 + 0*m - 1/24*m**4 + 0 - 2*m**2. Determine q(x).
3
Let m(d) = -d + 5. Suppose -r + 131 = 119. Let j(l) = l**2 + l - 3. Let p be j(-3). Suppose -p*t - r - 6 = 0. Give m(t).
11
Let l be (-5)/15 + ((-352)/(-24))/2. Let n(f) = -7*f + 26. Determine n(l).
-23
Suppose 32 = 12*u - 4. Let w(l) = -10 - u*l**2 - l**2 + 11 + l**3 + l**2. Let m be 6/2 - 0/(-2). Determine w(m).
1
Let z(w) be the first derivative of 1/3*w**3 - 4*w + 15 + 3/2*w**2. Let t be z(-3). Let o(i) = i**2 + 5*i - 3. What is o(t)?
-7
Suppose 0 = 4*s + 12, 21 = -4*g + 3*s - 2. Let f(u) = -2*u. Let d(w) = -15*w - 1. Let j(x) = d(x) - 6*f(x). Determine j(g).
23
Let i = 13 - 6. Suppose 14*o - 6*o = 72. Let q(f) = 465*f**3 + 14*f**2 - 6*f**2 - o - 7*f - 466*f**3. Calculate q(i).
-9
Let h(y) = 47*y - 230. Suppose 121*a - 47*a = 370. Give h(a).
5
Let i(p) = -30*p**3 + 211*p**2 + 481*p - 278. Let l(t) = -23*t**3 + 158*t**2 + 361*t - 209. Let c(v) = -10*i(v) + 13*l(v). What is c(58)?
5
Let d(m) = -1. Let g(k) = -k + 8. Let c(l) = d(l) + g(l). Let v be (-6)/9 + (-22)/(-6) - 2. Let n be ((1 - 3) + (1 - -1))/v. What is c(n)?
7
Let h be 3 + ((-12)/(-18))/2*3. Let z(x) = x**3 - 4*x**2 + 2*x - 6. Let t be z(4). Let n(v) = h*v + 2*v - 2*v - t - 17*v**2 + v**3 + 12*v**2. Give n(3).
-8
Let j(k) = -2*k**3 + 2*k - 1. Let b(u) = -7*u**3 + 5*u**2 + 7*u - 28. Let z(c) = b(c) - 3*j(c). Calculate z(4).
-5
Suppose -59 = 13*n + 25*n - 477. Let r(g) = g**2 - 10*g - 5. Give r(n).
6
Let v(n) = -n**3 - 9*n**2 + n + 12. Let w(i) = -24*i + 10. Let o be w(7). Let l = o + 149. Calculate v(l).
3
Let y(h) = -117*h - 473. Suppose 65 = -40*p - 95. Calculate y(p).
-5
Let g(c) be the third derivative of c**6/120 + 7*c**5/20 - 23*c**4/24 + 13*c**3/6 + 10690*c**2. Give g(-22).
35
Let k = -821 + 838. Let r(a) be the second derivative of a**5/20 - 17*a**4/12 + a**3/6 - 9*a**2 - 9*a. Give r(k).
-1
Let s be 450/270*(-12)/(-10). Let z(v) = 2 - 12*v**3 - v**s - 2*v**2 + 13*v**3 - 5*v**2 + 9*v - 7. Give z(7).
9
Let f(i) be the first derivative of 1/12*i**4 + i**2 + 1/6*i**3 + 9*i + 1. Let k(r) be the first derivative of f(r). Determine k(-2).
4
Let b(t) = t**2 - 12*t + 19. Let s be b(10). Let w(j) = -11*j + 11*j + 86 - 30*j**2 - 87. Calculate w(s).
-31
Let k be (8*(-12)/8)/(-3). Let c(h) be the third derivative of h**5/60 - h**4/4 + h**3/6 + 10*h**2. Give c(k).
-7
Let c be -2*((-172)/8 - -4). Let w(f) = -c + 15 + 13 - 4*f + 11. Suppose -5*u - 17 + 2 = 0. Give w(u).
16
Let s(y) = 10*y - 268. Let r be s(27). Let h be 11 + (-7 - ((r - 6) + 1)). Let v(q) = -q**3 + 7*q**2 - 5*q - 3. What is v(h)?
-38
Let k(b) = -b**2 - b + 9. Let r(l) = -2*l - 43. Let u be r(-20). Let j be k(u). Let p(m) be the third derivative of -m**4/4 - 2*m**3/3 - 4*m**2. Give p(j).
-22
Let q(l) = -2*l + 16. Suppose -73*u = 5*a - 71*u - 64, -3*a - 5*u + 27 = 0. Calculate q(a).
-12
Let j(p) be the first derivative of p**5/20 - p**4/6 + p**3/6 - p**2/2 - 76*p + 77. Let q(c) be the first derivative of j(c). Calculate q(2).
1
Let i(h) = 4*h - 4 + 234*h**2 - 458*h**2 + 225*h**2 + 2*h. Calculate i(-4).
-12
Suppose -16 + 24 = -4*k + 2*j, -2*j - 16 = 4*k. Let g(a) = -a - 6. What is g(k)?
-3
Let g(v) = -v**3 - 45*v**2 - v - 48. Suppose -5*q - 140 = 3*j, -42 = j + 2*q + 5. Determine g(j).
-3
Suppose o + 93 - 98 = 0. Let p(g) = -g - 2 + 0 - 8 + o. What is p(-6)?
1
Suppose -12*b + 0*b = -336. Suppose -32*l = -b*l + 24. Let y(s) = 2*s**2 - 7*s + 1. Let k(x) = -3*x**2 + 7*x - 2. Let d(a) = -3*k(a) - 4*y(a). Give d(l).
-4
Let u(l) = -l + 2. Let c(x) = 2*x - 61. Let w(k) = k - 31. Let t(n) = -3*c(n) + 5*w(n). Let z be t(17). Suppose 66 - 11 = -z*o. What is u(o)?
7
Let y be 2/(-8) + (-169)/(-52). Let w(s) = 7*s**2 - 3*s - 6. Let o(j) = -9*j**2 + 4*j + 8. Let x(h) = -4*o(h) - 5*w(h). What is x(y)?
4
Let g